{"id":1576,"date":"2023-10-21T20:19:54","date_gmt":"2023-10-21T18:19:54","guid":{"rendered":"https:\/\/parafiaswjozefawmuszynie.pl\/?page_id=1576"},"modified":"2024-10-25T22:14:24","modified_gmt":"2024-10-25T20:14:24","slug":"odpusty-za-zmarlych","status":"publish","type":"page","link":"https:\/\/parafiaswjozefawmuszynie.pl\/?page_id=1576","title":{"rendered":"Odpusty za Zmar\u0142ych"},"content":{"rendered":"<h1><strong>Odpusty za Zmar\u0142ych<\/strong><\/h1>\n<p>&nbsp;<\/p>\n<ol>\n<li><strong>Jeden odpust w Dzie\u0144 Zaduszny \/od po\u0142udnia 1 listopada do p\u00f3\u0142nocy 2&nbsp;listopada\/ <\/strong>za pobo\u017cne nawiedzenie ko\u015bcio\u0142a lub kaplicy i odm\u00f3wienie tam <em>OJCZE NASZ i&nbsp;WIERZ\u0118<\/em>. Trzeba spe\u0142ni\u0107 tak\u017ce<strong> zwyczajne warunki zyskania odpustu.<\/strong><\/li>\n<li><strong>&nbsp;<\/strong>Codziennie <strong>od 1 do 8 listopada <\/strong>za pobo\u017cne nawiedzenie cmentarza i&nbsp;odm\u00f3wienie tam, przynajmniej w my\u015bli, jakiejkolwiek modlitwy za zmar\u0142ych, zyskujemy odpust dla duszy w czy\u015b\u0107cu cierpi\u0105cej. Je\u015bli wype\u0142nimy zwyczajne warunki zyskania odpustu, <strong>odpust ten b\u0119dzie zupe\u0142ny, <\/strong>w&nbsp;pozosta\u0142e za\u015b dni roku, cz\u0105stkowy \/wystarczy nawiedzi\u0107 cmentarz i&nbsp;pomodli\u0107 si\u0119 za zmar\u0142ych\/.<\/li>\n<\/ol>\n<p>Odpust zupe\u0142ny mo\u017cna zyska\u0107 dla jednej duszy w czy\u015b\u0107cu cierpi\u0105cej, jeden raz na dzie\u0144.<\/p>\n<ol start=\"3\">\n<li>Warunki zwyczajne zyskania <strong>odpustu zupe\u0142nego: <\/strong><\/li>\n<\/ol>\n<ul>\n<li>Komunia \u015bw.<\/li>\n<li>modlitwa w intencji Ojca \u015bw. \/np. <em>Ojcze Nasz i Zdrowa\u015b Maryjo, lub inna\/ <\/em><\/li>\n<li>wymagane jest nadto wyzbycie si\u0119 przywi\u0105zania do jakiegokolwiek grzechu, nawet lekkiego.<\/li>\n<\/ul>\n<p><strong><em>Je\u017celi braknie kt\u00f3rego\u015b z warunk\u00f3w, w\u00f3wczas odpust b\u0119dzie cz\u0105stkowy. <\/em><\/strong><\/p>\n<p><strong>&nbsp;<\/strong><strong>Odpust cz\u0105stkowy<\/strong> mo\u017cemy zyska\u0107 ka\u017cdego dnia w ci\u0105gu roku nawet wiele razy dziennie za dusze w czy\u015b\u0107cu cierpi\u0105ce, przez nawiedzenie cmentarza i modlitw\u0119 za zmar\u0142ych \/<strong><em>Wieczny odpoczynek<\/em><\/strong><em>,<\/em> lub <strong><em>Dobry Jezu a nasz Panie<\/em><\/strong>\/. Nale\u017cy docenia\u0107 zyskiwanie tak\u017ce odpust\u00f3w cz\u0105stkowych.<\/p>\n<p><strong><u>Modlitwy za zmar\u0142ych<\/u><\/strong>:<\/p>\n<ol>\n<li><strong><em>Wieczny odpoczynek racz im da\u0107 Panie,<br \/>\na \u015bwiat\u0142o\u015b\u0107 wiekuista niechaj im \u015bwieci.<br \/>\nNiech odpoczywaj\u0105 w pokoju.<\/em><\/strong><strong><em><br \/>\n<\/em><\/strong><\/li>\n<\/ol>\n<ol start=\"2\">\n<li><strong><em>Dobry Jezu a nasz Panie, daj im wieczne spoczywanie.<br \/>\n\u015awiat\u0142o\u015b\u0107 wiekuista niech im \u015bwieci,<br \/>\ngdzie kr\u00f3luj\u0105 wszyscy \u015bwi\u0119ci.<br \/>\nGdzie kr\u00f3luj\u0105 z Tob\u0105 Panie, a\u017c na wieki wiek\u00f3w. Amen<\/em><\/strong><\/li>\n<\/ol>\n","protected":false},"excerpt":{"rendered":"<p>Odpusty za Zmar\u0142ych &nbsp; Jeden odpust w Dzie\u0144 Zaduszny \/od po\u0142udnia 1 listopada do p\u00f3\u0142nocy 2&nbsp;listopada\/ za pobo\u017cne nawiedzenie ko\u015bcio\u0142a lub kaplicy i odm\u00f3wienie tam OJCZE NASZ i&nbsp;WIERZ\u0118. Trzeba spe\u0142ni\u0107 tak\u017ce zwyczajne warunki zyskania odpustu. &nbsp;Codziennie od 1 do 8 listopada za pobo\u017cne nawiedzenie cmentarza i&nbsp;odm\u00f3wienie tam, przynajmniej w my\u015bli, jakiejkolwiek modlitwy za zmar\u0142ych, zyskujemy [&hellip;]<\/p>\n","protected":false},"author":2,"featured_media":0,"parent":0,"menu_order":0,"comment_status":"closed","ping_status":"closed","template":"","meta":{"ngg_post_thumbnail":0,"footnotes":""},"_links":{"self":[{"href":"https:\/\/parafiaswjozefawmuszynie.pl\/index.php?rest_route=\/wp\/v2\/pages\/1576"}],"collection":[{"href":"https:\/\/parafiaswjozefawmuszynie.pl\/index.php?rest_route=\/wp\/v2\/pages"}],"about":[{"href":"https:\/\/parafiaswjozefawmuszynie.pl\/index.php?rest_route=\/wp\/v2\/types\/page"}],"author":[{"embeddable":true,"href":"https:\/\/parafiaswjozefawmuszynie.pl\/index.php?rest_route=\/wp\/v2\/users\/2"}],"replies":[{"embeddable":true,"href":"https:\/\/parafiaswjozefawmuszynie.pl\/index.php?rest_route=%2Fwp%2Fv2%2Fcomments&post=1576"}],"version-history":[{"count":3,"href":"https:\/\/parafiaswjozefawmuszynie.pl\/index.php?rest_route=\/wp\/v2\/pages\/1576\/revisions"}],"predecessor-version":[{"id":2110,"href":"https:\/\/parafiaswjozefawmuszynie.pl\/index.php?rest_route=\/wp\/v2\/pages\/1576\/revisions\/2110"}],"wp:attachment":[{"href":"https:\/\/parafiaswjozefawmuszynie.pl\/index.php?rest_route=%2Fwp%2Fv2%2Fmedia&parent=1576"}],"curies":[{"name":"wp","href":"https:\/\/api.w.org\/{rel}","templated":true}]}}

Odpusty za Zmarłych

<h1><strong>Odpusty za Zmarłych</strong></h1>
<p>&nbsp;</p>
<ol>
<li><strong>Jeden odpust w Dzień Zaduszny /od południa 1 listopada do północy 2&nbsp;listopada/ </strong>za pobożne nawiedzenie kościoła lub kaplicy i odmówienie tam <em>OJCZE NASZ i&nbsp;WIERZĘ</em>. Trzeba spełnić także<strong> zwyczajne warunki zyskania odpustu.</strong></li>
<li><strong>&nbsp;</strong>Codziennie <strong>od 1 do 8 listopada </strong>za pobożne nawiedzenie cmentarza i&nbsp;odmówienie tam, przynajmniej w myśli, jakiejkolwiek modlitwy za zmarłych, zyskujemy odpust dla duszy w czyśćcu cierpiącej. Jeśli wypełnimy zwyczajne warunki zyskania odpustu, <strong>odpust ten będzie zupełny, </strong>w&nbsp;pozostałe zaś dni roku, cząstkowy /wystarczy nawiedzić cmentarz i&nbsp;pomodlić się za zmarłych/.</li>
</ol>
<p>Odpust zupełny można zyskać dla jednej duszy w czyśćcu cierpiącej, jeden raz na dzień.</p>
<ol start="3">
<li>Warunki zwyczajne zyskania <strong>odpustu zupełnego: </strong></li>
</ol>
<ul>
<li>Komunia św.</li>
<li>modlitwa w intencji Ojca św. /np. <em>Ojcze Nasz i Zdrowaś Maryjo, lub inna/ </em></li>
<li>wymagane jest nadto wyzbycie się przywiązania do jakiegokolwiek grzechu, nawet lekkiego.</li>
</ul>
<p><strong><em>Jeżeli braknie któregoś z warunków, wówczas odpust będzie cząstkowy. </em></strong></p>
<p><strong>&nbsp;</strong><strong>Odpust cząstkowy</strong> możemy zyskać każdego dnia w ciągu roku nawet wiele razy dziennie za dusze w czyśćcu cierpiące, przez nawiedzenie cmentarza i modlitwę za zmarłych /<strong><em>Wieczny odpoczynek</em></strong><em>,</em> lub <strong><em>Dobry Jezu a nasz Panie</em></strong>/. Należy doceniać zyskiwanie także odpustów cząstkowych.</p>
<p><strong><u>Modlitwy za zmarłych</u></strong>:</p>
<ol>
<li><strong><em>Wieczny odpoczynek racz im dać Panie,<br />
a światłość wiekuista niechaj im świeci.<br />
Niech odpoczywają w pokoju.</em></strong><strong><em><br />
</em></strong></li>
</ol>
<ol start="2">
<li><strong><em>Dobry Jezu a nasz Panie, daj im wieczne spoczywanie.<br />
Światłość wiekuista niech im świeci,<br />
gdzie królują wszyscy święci.<br />
Gdzie królują z Tobą Panie, aż na wieki wieków. Amen</em></strong></li>
</ol>

<p>Odpusty za Zmarłych &nbsp; Jeden odpust w Dzień Zaduszny /od południa 1 listopada do północy 2&nbsp;listopada/ za pobożne nawiedzenie kościoła lub kaplicy i odmówienie tam OJCZE NASZ i&nbsp;WIERZĘ. Trzeba spełnić także zwyczajne warunki zyskania odpustu. &nbsp;Codziennie od 1 do 8 listopada za pobożne nawiedzenie cmentarza i&nbsp;odmówienie tam, przynajmniej w myśli, jakiejkolwiek modlitwy za zmarłych, zyskujemy [&hellip;]</p>
