{"id":1579,"date":"2023-10-21T20:24:00","date_gmt":"2023-10-21T18:24:00","guid":{"rendered":"https:\/\/parafiaswjozefawmuszynie.pl\/?page_id=1579"},"modified":"2025-01-05T18:44:10","modified_gmt":"2025-01-05T17:44:10","slug":"odpust-porcjunkuli","status":"publish","type":"page","link":"https:\/\/parafiaswjozefawmuszynie.pl\/?page_id=1579","title":{"rendered":"Odpust Porcjunkuli od po\u0142udnia 1 sierpnia  do p\u00f3\u0142nocy 2 sierpnia"},"content":{"rendered":"<p>Od po\u0142udnia 1 sierpnia do p\u00f3\u0142nocy 2 sierpnia mo\u017cna zyska\u0107 tzw. odpust Porcjunkuli. Mo\u017cna go zyska\u0107 tylko jeden raz w roku i ofiarowa\u0107 za siebie albo za zmar\u0142ych na spos\u00f3b wstawiennictwa. Jest to odpust zupe\u0142ny udzielony za<\/p>\n<ol>\n<li>pobo\u017cne nawiedzenie jakiegokolwiek ko\u015bcio\u0142a<\/li>\n<li>i odm\u00f3wienie w tym czasie Ojcze nasz i Wierz\u0119 (por. WO nad,33 \u00a7 nr 5).<\/li>\n<\/ol>\n<p>Do tych dw\u00f3ch modlitw, kt\u00f3re \u0142\u0105cz\u0105 si\u0119 z nawiedzeniem ko\u015bcio\u0142a i razem stanowi\u0105 tzw. czyn odpustowy, nale\u017cy doda\u0107 pozosta\u0142e warunki, konieczne do zyskania odpustu.<\/p>\n<p>Podstawowym jest dyspozycja wewn\u0119trzna, czyli wykluczenie jakiegokolwiek przywi\u0105zania do grzechu, nawet powszedniego i wzbudzenie intencji zyskania odpustu.<\/p>\n<p>Pozosta\u0142e trzy warunki to:<\/p>\n<ol start=\"3\">\n<li>spowied\u017a sakramentalna,<\/li>\n<li>Komunia \u015bw.,<\/li>\n<li>modlitwa w intencjach Ojca \u015awi\u0119tego np. Ojcze nasz i Zdrowa\u015b Maryjo (lub inna modlitwa).<\/li>\n<\/ol>\n<p>Te trzy warunki mog\u0105 by\u0107 wype\u0142nione na wiele dni przed lub po 2 sierpnia, cho\u0107 wypada, aby Komunia i modlitwa w intencjach Ojca \u015bwi\u0119tego by\u0142y odprawione w dzie\u0144 zyskiwania odpustu (por. Normy &nbsp;dotycz\u0105ce &nbsp;odpust\u00f3w &nbsp;n. 19-20).<\/p>\n<p>Przy odmawianiu modlitwy wystarczy r\u00f3wnie\u017c j\u0105 odm\u00f3wi\u0107 na przemian z towarzyszem lub \u015bledzi\u0107 my\u015bl\u0105, gdy kto\u015b inny j\u0105 odmawia g\u0142o\u015bno. W przypadku g\u0142uchoniemych, wystarczy, \u017ce razem z innymi modl\u0105cymi si\u0119 w tym samym miejscu, kieruj\u0105 do Boga sw\u00f3j umys\u0142 i pobo\u017cne uczucia; albo odm\u00f3wi\u0105 w my\u015bli lub tekst modlitwy b\u0119d\u0105 przebiegali tylko oczami.<\/p>\n<p>&nbsp;<\/p>\n<p>W ko\u015bcio\u0142ach i klasztorach franciszka\u0144skich 2 sierpnia obchodzone jest patronalne \u015bwi\u0119to <a class=\"addbackground\" href=\"https:\/\/brewiarz.pl\/viii_22\/0208w7\/index.php3?l=i\" target=\"_blank\" rel=\"noopener\">Matki Bo\u017cej Anielskiej<\/a> z Porcjunkuli. Tego dnia w ko\u015bcio\u0142ach franciszka\u0144skich i parafialnych mo\u017cna uzyska\u0107 odpust zupe\u0142ny Porcjunkuli. Za zgod\u0105 biskupa diecezjalnego odpust ten mo\u017ce by\u0107 przeniesiony na niedziel\u0119 przypadaj\u0105c\u0105 przed lub po 2 sierpnia.<\/p>\n<p>\u015awi\u0119to Matki Bo\u017cej Anielskiej Porcjunkuli zwi\u0105zane jest z bazylik\u0105 Matki Bo\u017cej Anielskiej pod Asy\u017cem. Porcjunkula, czyli \u201ekawa\u0142eczek\u201d, \u201edrobna cz\u0119\u015b\u0107\u201d, to niewielka kapliczka, kt\u00f3ra obecnie mie\u015bci si\u0119 w tej \u015bwi\u0105tyni. Wed\u0142ug legendy zosta\u0142a ona wybudowana ju\u017c w VI wieku przez pielgrzym\u00f3w wracaj\u0105cych z Ziemi \u015awi\u0119tej wioz\u0105cych ze sob\u0105 grudk\u0119 ziemi z grobu Matki Bo\u017cej. Zniszczon\u0105 kapliczk\u0119 odnowi\u0142 \u015bw. Franciszek w 1207 roku i zamieszka\u0142 w niej. P\u00f3\u017aniej do\u0142\u0105czyli do niego inni bracia. To \u015bw. Franciszek mia\u0142 nada\u0107 \u015bwi\u0105tyni nazw\u0119 Matki Bo\u017cej Anielskiej.<\/p>\n<p><a href=\"https:\/\/parafiaswjozefawmuszynie.pl\/wp-content\/uploads\/2023\/07\/MB-Anielskiej-w-Asyzu.jpg\"><img loading=\"lazy\" decoding=\"async\" class=\"size-medium wp-image-1459 aligncenter\" src=\"https:\/\/parafiaswjozefawmuszynie.pl\/wp-content\/uploads\/2023\/07\/MB-Anielskiej-w-Asyzu-300x233.jpg\" alt=\"\" width=\"300\" height=\"233\" srcset=\"https:\/\/parafiaswjozefawmuszynie.pl\/wp-content\/uploads\/2023\/07\/MB-Anielskiej-w-Asyzu-300x233.jpg 300w, https:\/\/parafiaswjozefawmuszynie.pl\/wp-content\/uploads\/2023\/07\/MB-Anielskiej-w-Asyzu.jpg 640w\" sizes=\"(max-width: 300px) 100vw, 300px\" \/><\/a><\/p>\n<p>11 kwietnia 1909 r. papie\u017c Pius X nada\u0142 ko\u015bcio\u0142owi Matki Bo\u017cej Anielskiej w Asy\u017cu godno\u015b\u0107 bazyliki patriarchalnej i papieskiej.<\/p>\n<p>Odpust zupe\u0142ny Porcjunkuli wi\u0105\u017ce si\u0119 z podaniem, wed\u0142ug kt\u00f3rego Matka Bo\u017ca, ukazuj\u0105c si\u0119 \u015bw. Franciszkowi w otoczeniu anio\u0142\u00f3w, mia\u0142a powiedzie\u0107, \u017ce w zamian za jego gorliwo\u015b\u0107 w staraniach o zbawienie dusz, mo\u017ce on poprosi\u0107 o \u0142ask\u0119, jak\u0105 zechce. \u015aw. Franciszek prosi\u0142, aby wszyscy, po odbytej ze skruch\u0105 spowiedzi i po nawiedzeniu kaplicy Porcjunkuli, mogli otrzyma\u0107 odpust zupe\u0142ny i przebaczenie wszystkich grzech\u00f3w.<\/p>\n<p>Pocz\u0105tkowo odpust zupe\u0142ny Porcjunkuli mo\u017cna by\u0142o uzyska\u0107 2 sierpnia wy\u0142\u0105cznie w ko\u015bciele Matki Bo\u017cej Anielskiej w Asy\u017cu. Od XIV wieku papie\u017ce zacz\u0119li przyznawa\u0107 go tak\u017ce poszczeg\u00f3lnym ko\u015bcio\u0142om franciszka\u0144skim. W roku 1847 odpust, decyzj\u0105 papie\u017ca Piusa IX, mo\u017cna by\u0142o uzyska\u0107 we wszystkich ko\u015bcio\u0142ach parafialnych i innych, przy kt\u00f3rych istnieje III Zakon \u015bw. Franciszka. W 1911 roku papie\u017c Pius X rozszerzy\u0142 przywilej na wszystkie ko\u015bcio\u0142y.<\/p>\n<p>&nbsp;<\/p>\n","protected":false},"excerpt":{"rendered":"<p>Od po\u0142udnia 1 sierpnia do p\u00f3\u0142nocy 2 sierpnia mo\u017cna zyska\u0107 tzw. odpust Porcjunkuli. Mo\u017cna go zyska\u0107 tylko jeden raz w roku i ofiarowa\u0107 za siebie albo za zmar\u0142ych na spos\u00f3b wstawiennictwa. Jest to odpust zupe\u0142ny udzielony za pobo\u017cne nawiedzenie jakiegokolwiek ko\u015bcio\u0142a i odm\u00f3wienie w tym czasie Ojcze nasz i Wierz\u0119 (por. WO nad,33 \u00a7 nr [&hellip;]<\/p>\n","protected":false},"author":2,"featured_media":0,"parent":0,"menu_order":0,"comment_status":"closed","ping_status":"closed","template":"","meta":{"ngg_post_thumbnail":0,"footnotes":""},"_links":{"self":[{"href":"https:\/\/parafiaswjozefawmuszynie.pl\/index.php?rest_route=\/wp\/v2\/pages\/1579"}],"collection":[{"href":"https:\/\/parafiaswjozefawmuszynie.pl\/index.php?rest_route=\/wp\/v2\/pages"}],"about":[{"href":"https:\/\/parafiaswjozefawmuszynie.pl\/index.php?rest_route=\/wp\/v2\/types\/page"}],"author":[{"embeddable":true,"href":"https:\/\/parafiaswjozefawmuszynie.pl\/index.php?rest_route=\/wp\/v2\/users\/2"}],"replies":[{"embeddable":true,"href":"https:\/\/parafiaswjozefawmuszynie.pl\/index.php?rest_route=%2Fwp%2Fv2%2Fcomments&post=1579"}],"version-history":[{"count":5,"href":"https:\/\/parafiaswjozefawmuszynie.pl\/index.php?rest_route=\/wp\/v2\/pages\/1579\/revisions"}],"predecessor-version":[{"id":2275,"href":"https:\/\/parafiaswjozefawmuszynie.pl\/index.php?rest_route=\/wp\/v2\/pages\/1579\/revisions\/2275"}],"wp:attachment":[{"href":"https:\/\/parafiaswjozefawmuszynie.pl\/index.php?rest_route=%2Fwp%2Fv2%2Fmedia&parent=1579"}],"curies":[{"name":"wp","href":"https:\/\/api.w.org\/{rel}","templated":true}]}}

Odpust Porcjunkuli od południa 1 sierpnia  do północy 2 sierpnia

<p>Od południa 1 sierpnia do północy 2 sierpnia można zyskać tzw. odpust Porcjunkuli. Można go zyskać tylko jeden raz w roku i ofiarować za siebie albo za zmarłych na sposób wstawiennictwa. Jest to odpust zupełny udzielony za</p>
<ol>
<li>pobożne nawiedzenie jakiegokolwiek kościoła</li>
<li>i odmówienie w tym czasie Ojcze nasz i Wierzę (por. WO nad,33 § nr 5).</li>
</ol>
<p>Do tych dwóch modlitw, które łączą się z nawiedzeniem kościoła i razem stanowią tzw. czyn odpustowy, należy dodać pozostałe warunki, konieczne do zyskania odpustu.</p>
<p>Podstawowym jest dyspozycja wewnętrzna, czyli wykluczenie jakiegokolwiek przywiązania do grzechu, nawet powszedniego i wzbudzenie intencji zyskania odpustu.</p>
<p>Pozostałe trzy warunki to:</p>
<ol start="3">
<li>spowiedź sakramentalna,</li>
<li>Komunia św.,</li>
<li>modlitwa w intencjach Ojca Świętego np. Ojcze nasz i Zdrowaś Maryjo (lub inna modlitwa).</li>
</ol>
<p>Te trzy warunki mogą być wypełnione na wiele dni przed lub po 2 sierpnia, choć wypada, aby Komunia i modlitwa w intencjach Ojca świętego były odprawione w dzień zyskiwania odpustu (por. Normy &nbsp;dotyczące &nbsp;odpustów &nbsp;n. 19-20).</p>
<p>Przy odmawianiu modlitwy wystarczy również ją odmówić na przemian z towarzyszem lub śledzić myślą, gdy ktoś inny ją odmawia głośno. W przypadku głuchoniemych, wystarczy, że razem z innymi modlącymi się w tym samym miejscu, kierują do Boga swój umysł i pobożne uczucia; albo odmówią w myśli lub tekst modlitwy będą przebiegali tylko oczami.</p>
<p>&nbsp;</p>
<p>W kościołach i klasztorach franciszkańskich 2 sierpnia obchodzone jest patronalne święto <a class="addbackground" href="https://brewiarz.pl/viii_22/0208w7/index.php3?l=i" target="_blank" rel="noopener">Matki Bożej Anielskiej</a> z Porcjunkuli. Tego dnia w kościołach franciszkańskich i parafialnych można uzyskać odpust zupełny Porcjunkuli. Za zgodą biskupa diecezjalnego odpust ten może być przeniesiony na niedzielę przypadającą przed lub po 2 sierpnia.</p>
<p>Święto Matki Bożej Anielskiej Porcjunkuli związane jest z bazyliką Matki Bożej Anielskiej pod Asyżem. Porcjunkula, czyli „kawałeczek”, „drobna część”, to niewielka kapliczka, która obecnie mieści się w tej świątyni. Według legendy została ona wybudowana już w VI wieku przez pielgrzymów wracających z Ziemi Świętej wiozących ze sobą grudkę ziemi z grobu Matki Bożej. Zniszczoną kapliczkę odnowił św. Franciszek w 1207 roku i zamieszkał w niej. Później dołączyli do niego inni bracia. To św. Franciszek miał nadać świątyni nazwę Matki Bożej Anielskiej.</p>
<p><a href="https://parafiaswjozefawmuszynie.pl/wp-content/uploads/2023/07/MB-Anielskiej-w-Asyzu.jpg"><img loading="lazy" decoding="async" class="size-medium wp-image-1459 aligncenter" src="https://parafiaswjozefawmuszynie.pl/wp-content/uploads/2023/07/MB-Anielskiej-w-Asyzu-300x233.jpg" alt="" width="300" height="233" srcset="https://parafiaswjozefawmuszynie.pl/wp-content/uploads/2023/07/MB-Anielskiej-w-Asyzu-300x233.jpg 300w, https://parafiaswjozefawmuszynie.pl/wp-content/uploads/2023/07/MB-Anielskiej-w-Asyzu.jpg 640w" sizes="(max-width: 300px) 100vw, 300px" /></a></p>
<p>11 kwietnia 1909 r. papież Pius X nadał kościołowi Matki Bożej Anielskiej w Asyżu godność bazyliki patriarchalnej i papieskiej.</p>
<p>Odpust zupełny Porcjunkuli wiąże się z podaniem, według którego Matka Boża, ukazując się św. Franciszkowi w otoczeniu aniołów, miała powiedzieć, że w zamian za jego gorliwość w staraniach o zbawienie dusz, może on poprosić o łaskę, jaką zechce. Św. Franciszek prosił, aby wszyscy, po odbytej ze skruchą spowiedzi i po nawiedzeniu kaplicy Porcjunkuli, mogli otrzymać odpust zupełny i przebaczenie wszystkich grzechów.</p>
<p>Początkowo odpust zupełny Porcjunkuli można było uzyskać 2 sierpnia wyłącznie w kościele Matki Bożej Anielskiej w Asyżu. Od XIV wieku papieże zaczęli przyznawać go także poszczególnym kościołom franciszkańskim. W roku 1847 odpust, decyzją papieża Piusa IX, można było uzyskać we wszystkich kościołach parafialnych i innych, przy których istnieje III Zakon św. Franciszka. W 1911 roku papież Pius X rozszerzył przywilej na wszystkie kościoły.</p>
<p>&nbsp;</p>

<p>Od południa 1 sierpnia do północy 2 sierpnia można zyskać tzw. odpust Porcjunkuli. Można go zyskać tylko jeden raz w roku i ofiarować za siebie albo za zmarłych na sposób wstawiennictwa. Jest to odpust zupełny udzielony za pobożne nawiedzenie jakiegokolwiek kościoła i odmówienie w tym czasie Ojcze nasz i Wierzę (por. WO nad,33 § nr [&hellip;]</p>
